he remainder when 33206 is divided by 10696?
1118
Calculate the remainder when 780842 is divided by 445.
312
What is the remainder when 1942149 is divided by 322?
167
Calculate the remainder when 1492410 is divided by 186551.
2
Calculate the remainder when 581205 is divided by 2863.
16
Calculate the remainder when 1158370 is divided by 10928.
2
What is the remainder when 1760989 is divided by 440246?
5
What is the remainder when 37087667 is divided by 5633?
5628
What is the remainder when 149310 is divided by 6509?
6112
Calculate the remainder when 5669350 is divided by 2609.
2602
What is the remainder when 728198 is divided by 3605?
3593
What is the remainder when 633056 is divided by 4165?
4141
What is the remainder when 31520 is divided by 2439?
2252
Calculate the remainder when 1319488 is divided by 5567.
109
Calculate the remainder when 807489 is divided by 4839.
4215
What is the remainder when 525320 is divided by 5306?
26
Calculate the remainder when 7123148 is divided by 258.
26
Calculate the remainder when 34506293 is divided by 946.
943
Calculate the remainder when 25106 is divided by 10245.
4616
Calculate the remainder when 17443590 is divided by 104.
86
Calculate the remainder when 3356994 is divided by 803.
454
What is the remainder when 6113371 is divided by 6283?
12
What is the remainder when 107176446 is divided by 71?
29
Calculate the remainder when 9397 is divided by 9190.
207
Calculate the remainder when 1934238 is divided by 482.
454
Calculate the remainder when 27726999 is divided by 169.
14
What is the remainder when 45773 is divided by 14048?
3629
What is the remainder when 19420 is divided by 7579?
4262
What is the remainder when 86309 is divided by 8527?
1039
Calculate the remainder when 11695531 is divided by 22.
1
What is the remainder when 8385506 is divided by 1095?
1091
Calculate the remainder when 2415024 is divided by 1593.
36
Calculate the remainder when 9972321 is divided by 3.
0
What is the remainder when 46766033 is divided by 58?
53
What is the remainder when 553344 is divided by 138325?
44
What is the remainder when 32793491 is divided by 15396?
11
What is the remainder when 127564980 is divided by 5966?
5934
Calculate the remainder when 86174 is divided by 17233.
9
Calculate the remainder when 4507889 is divided by 149.
43
Calculate the remainder when 1635714 is divided by 40.
34
Calculate the remainder when 1116748 is divided by 12836.
16
What is the remainder when 1239251 is divided by 1663?
316
What is the remainder when 6250 is divided by 131?
93
Calculate the remainder when 35258929 is divided by 2350595.
4
What is the remainder when 174625 is divided by 1992?
1321
What is the remainder when 1283549 is divided by 86?
85
Calculate the remainder when 107672516 is divided by 317618.
14
Calculate the remainder when 287124658 is divided by 1198.
1196
What is the remainder when 8639 is divided by 1375?
389
Calculate the remainder when 2492387 is divided by 117.
53
Calculate the remainder when 5788083 is divided by 1157547.
348
Calculate the remainder when 2013191 is divided by 510.
221
Calculate the remainder when 47543 is divided by 1220.
1183
Calculate the remainder when 2239388 is divided by 308.
228
What is the remainder when 840272 is divided by 454?
372
Calculate the remainder when 181048 is divided by 22605.
208
What is the remainder when 14860941 is divided by 3170?
3151
What is the remainder when 2378583 is divided by 824?
519
What is the remainder when 95359467 is divided by 62?
57
Calculate the remainder when 150221245 is divided by 15022123.
15
Calculate the remainder when 903325 is divided by 451642.
41
Calculate the remainder when 390968 is divided by 3000.
968
Calculate the remainder when 45644 is divided by 2455.
1454
What is the remainder when 1004537 is divided by 316?
289
Calculate the remainder when 75576 is divided by 774.
498
What is the remainder when 57356922 is divided by 1027?
1026
What is the remainder when 2829536 is divided by 943177?
5
Calculate the remainder when 271077861 is divided by 2177.
2175
Calculate the remainder when 2381225 is divided by 1193.
1190
What is the remainder when 12343 is divided by 643?
126
What is the remainder when 27001616 is divided by 4185?
4181
Calculate the remainder when 319473 is divided by 45351.
2016
What is the remainder when 2581959 is divided by 122950?
9
What is the remainder when 2438943 is divided by 2438883?
60
Calculate the remainder when 138416 is divided by 12.
8
What is the remainder when 798998 is divided by 188?
186
What is the remainder when 197992 is divided by 49473?
100
Calculate the remainder when 295287 is divided by 25.
12
Calculate the remainder when 198133 is divided by 42.
19
Calculate the remainder when 82196943 is divided by 40894.
3
Calculate the remainder when 1057143714 is divided by 57.
54
Calculate the remainder when 31648098 is divided by 275.
273
What is the remainder when 124702 is divided by 41245?
967
Calculate the remainder when 3871435 is divided by 430083.
688
Calculate the remainder when 1609175 is divided by 1751.
6
Calculate the remainder when 57865 is divided by 28776.
313
What is the remainder when 60147139 is divided by 10024519?
25
What is the remainder when 139848 is divided by 67977?
3894
Calculate the remainder when 103753000 is divided by 628806.
10
Calculate the remainder when 628561 is divided by 1594.
525
Calculate the remainder when 165001 is divided by 105.
46
Calculate the remainder when 9532839 is divided by 257641.
122
What is the remainder when 3947456 is divided by 4666?
20
Calculate the remainder when 14367229 is divided by 38.
37
Calculate the remainder when 16712905 is divided by 62.
61
What is the remainder when 835594 is divided by 1723?
1662
What is the remainder when 13527 is divided by 3203?
715
What is the remainder when 32174 is divided by 208?
142
What is the remainder when 3320852 is divided by 6904?
28
Calculate the remainder when 309435 is divided by 1002.
819
What is the remainder when 112627871 is divided by 84?
83
What is the remainder when 3886479 is divided by 138?
123
Calculate the remainder when 16304 is divided by 7169.
1966
What is the remainder when 733977 is divided by 1442?
1441
What is the remainder when 1908142 is divided by 166?
138
What is the remainder when 269018871 is divided by 2983?
2982
Calculate the remainder when 2459550 is divided by 274.
126
What is the remainder when 16800053 is divided by 376?
373
Calculate the remainder when 3014266 is divided by 143536.
10
What is the remainder when 8618957 is divided by 14?
11
What is the remainder when 511683 is divided by 801?
645
What is the remainder when 176246 is divided by 1135?
321
What is the remainder when 968239 is divided by 1520?
1519
Calculate the remainder when 6589 is divided by 1052.
277
Calculate the remainder when 1966913 is divided by 19474.
39
Calculate the remainder when 3444901 is divided by 430603.
77
Calculate the remainder when 1099975220 is divided by 226.
224
What is the remainder when 11554862 is divided by 153?
149
Calculate the remainder when 21408407 is divided by 1226.
1221
Calculate the remainder when 37201557 is divided by 120.
117
Calculate the remainder when 82078 is divided by 480.
478
What is the remainder when 557322 is divided by 13585?
337
Calculate the remainder when 225749031 is divided by 2563.
2554
What is the remainder when 255492158 is divided by 1120?
1118
Calculate the remainder when 45719 is divided by 7550.
419
What is the remainder when 18753510 is divided by 14?
6
What is the remainder when 327202 is divided by 1341?
1339
What is the remainder when 32146947 is divided by 3868?
3867
What is the remainder when 15751715 is divided by 128?
35
What is the remainder when 145698 is divided by 4108?
1918
What is the remainder when 60157 is divided by 6486?
1783
What is the remainder when 131734 is divided by 11949?
295
Calculate the remainder when 351001 is divided by 69.
67
What is the remainder when 1386629 is divided by 1943?
1270
Calculate the remainder when 48396 is divided by 637.
621
What is the remainder when 1027168 is divided by 120?
88
Calculate the remainder when 156406 is divided by 2098.
1154
Calculate the remainder when 13756 is divided by 53